1?
1
What is the units digit of 6097?
7
What is the hundred thousands digit of 153182?
1
What is the hundreds digit of 12195?
1
What is the thousands digit of 1090?
1
What is the hundreds digit of 86205?
2
What is the hundreds digit of 4877?
8
What is the hundreds digit of 86958?
9
What is the units digit of 5179?
9
What is the hundreds digit of 578?
5
What is the tens digit of 1892?
9
What is the units digit of 81863?
3
What is the tens digit of 770?
7
What is the hundreds digit of 174?
1
What is the units digit of 18007?
7
What is the hundreds digit of 114164?
1
What is the units digit of 49987?
7
What is the tens digit of 1198?
9
What is the ten thousands digit of 12614?
1
What is the units digit of 4977?
7
What is the ten thousands digit of 14868?
1
What is the tens digit of 747?
4
What is the thousands digit of 4295?
4
What is the hundreds digit of 7526?
5
What is the ten thousands digit of 29979?
2
What is the tens digit of 733?
3
What is the units digit of 8550?
0
What is the hundreds digit of 39751?
7
What is the hundreds digit of 1133?
1
What is the hundreds digit of 26709?
7
What is the hundreds digit of 7139?
1
What is the hundred thousands digit of 174802?
1
What is the hundreds digit of 1350?
3
What is the hundreds digit of 11088?
0
What is the units digit of 156892?
2
What is the tens digit of 50078?
7
What is the thousands digit of 7147?
7
What is the units digit of 119205?
5
What is the thousands digit of 40306?
0
What is the hundreds digit of 6026?
0
What is the ten thousands digit of 93493?
9
What is the units digit of 141407?
7
What is the ten thousands digit of 153163?
5
What is the hundreds digit of 12848?
8
What is the thousands digit of 1061?
1
What is the tens digit of 6460?
6
What is the hundreds digit of 2398?
3
What is the thousands digit of 3773?
3
What is the units digit of 283?
3
What is the thousands digit of 40249?
0
What is the units digit of 20356?
6
What is the thousands digit of 7861?
7
What is the tens digit of 6394?
9
What is the hundreds digit of 9584?
5
What is the tens digit of 869?
6
What is the tens digit of 17007?
0
What is the tens digit of 8247?
4
What is the ten thousands digit of 47750?
4
What is the units digit of 332?
2
What is the hundreds digit of 4120?
1
What is the thousands digit of 5161?
5
What is the hundreds digit of 8749?
7
What is the hundreds digit of 29728?
7
What is the units digit of 850?
0
What is the thousands digit of 3530?
3
What is the tens digit of 3606?
0
What is the ten thousands digit of 23833?
2
What is the hundreds digit of 2591?
5
What is the thousands digit of 1725?
1
What is the tens digit of 51366?
6
What is the ten thousands digit of 56912?
5
What is the units digit of 14518?
8
What is the units digit of 42420?
0
What is the units digit of 20660?
0
What is the units digit of 3959?
9
What is the thousands digit of 26742?
6
What is the tens digit of 973?
7
What is the units digit of 7857?
7
What is the ten thousands digit of 18893?
1
What is the hundreds digit of 54274?
2
What is the tens digit of 10112?
1
What is the units digit of 71?
1
What is the units digit of 1794?
4
What is the units digit of 132535?
5
What is the units digit of 400?
0
What is the units digit of 22423?
3
What is the units digit of 20693?
3
What is the thousands digit of 4334?
4
What is the thousands digit of 3046?
3
What is the units digit of 98677?
7
What is the tens digit of 21726?
2
What is the thousands digit of 1579?
1
What is the thousands digit of 1771?
1
What is the units digit of 15651?
1
What is the hundreds digit of 1553?
5
What is the units digit of 2765?
5
What is the thousands digit of 24184?
4
What is the hundreds digit of 48121?
1
What is the hundreds digit of 6491?
4
What is the tens digit of 4078?
7
What is the thousands digit of 41828?
1
What is the hundreds digit of 15839?
8
What is the hundreds digit of 5937?
9
What is the units digit of 18109?
9
What is the thousands digit of 3874?
3
What is the units digit of 9983?
3
What is the thousands digit of 34601?
4
What is the units digit of 38781?
1
What is the tens digit of 6001?
0
What is the tens digit of 66825?
2
What is the hundreds digit of 493?
4
What is the hundreds digit of 65302?
3
What is the units digit of 5452?
2
What is the tens digit of 99449?
4
What is the units digit of 82326?
6
What is the hundreds digit of 149602?
6
What is the hundreds digit of 595?
5
What is the hundreds digit of 78795?
7
What is the units digit of 846?
6
What is the units digit of 1029?
9
What is the units digit of 20805?
5
What is the ten thousands digit of 26175?
2
What is the units digit of 5565?
5
What is the thousands digit of 2448?
2
What is the units digit of 3759?
9
What is the tens digit of 65412?
1
What is the units digit of 406?
6
What is the thousands digit of 2378?
2
What is the units digit of 46915?
5
What is the hundred thousands digit of 118833?
1
What is the tens digit of 102?
0
What is the tens digit of 48?
4
What is the units digit of 1619?
9
What is the hundreds digit of 1097?
0
What is the units digit of 471?
1
What is the hundreds digit of 8064?
0
What is the ten thousands digit of 97889?
9
What is the hundreds digit of 237?
2
What is the hundreds digit of 14508?
5
What is the ten thousands digit of 15250?
1
What is the units digit of 14065?
5
What is the tens digit of 113472?
7
What is the thousands digit of 26235?
6
What is the hundreds digit of 3145?
1
What is the tens digit of 3566?
6
What is the tens digit of 375?
7
What is the units digit of 2194?
4
What is the tens digit of 7309?
0
What is the tens digit of 111683?
8
What is the units digit of 52?
2
What is the thousands digit of 3439?
3
What is the units digit of 757?
7
What is the units digit of 3300?
0
What is the units digit of 435?
5
What is the hundreds digit of 525?
5
What is the units digit of 58531?
1
What is the units digit of 6287?
7
What is the thousands digit of 28874?
8
What is the hundreds digit of 9620?
6
What is the hundreds digit of 208?
2
What is the units digit of 17086?
6
What is the tens digit of 2939?
3
What is the hundreds digit of 1252?
2
What is the tens digit of 202?
0
What is the hundreds digit of 800?
8
What is the tens digit of 29847?
4
What is the tens digit of 13928?
2
What is the thousands digit of 14306?
4
What is the units digit of 2457?
7
What is the hundreds digit of 1532?
5
What is the ten thousands digit of 106650?
0
What is the units digit of 900?
0
What is the units digit of 37135?
5
What is the hundreds digit of 4592?
5
What is the units digit of 783?
3
What is the hundreds digit of 1582?
5
What is the thousands digit of 41356?
1
What is the units digit of 970?
0
What is the hundreds digit of 755?
7
What is the tens digit of 5962?
6
What is the hundreds digit of 5183?
1
What is the hundreds digit of 2562?
5
What is the hundreds digit of 10677?
6
What is the tens digit of 1300?
0
What is the hundreds digit of 21467?
4
What is the hundred thousands digit of 107245?
1
What is the hundred thousands digit of 151027?
1
What is the tens digit of 323?
2
What is the units digit of 1029?
9
What is the units digit of 34788?
8
What is the thousands digit of 34295?
4
What is the tens digit of 242?
4
What is the units digit of 18914?
4
What is the hundreds digit of 2404?
4
What is the units digit of 9169?
9
What is the tens digit of 540?
4
What is the tens digit of 1907?
0
What is the units digit of 51459?
9
What is the units digit of 74524?
4
What is the thousands digit of 5413?
5
What is the thousands digit of 61700?
1
What is the hundreds digit of 785?
7
What is the units digit of 5119?
9
What is the hundreds digit of 4283?
2
What is the thousands digit of 1599?
1
What is the thousands digit of 87340?
7
What is the tens digit of 9743?
4
What is the thousands digit of 7364?
7
What is the tens digit of 3936?
3
What is the units digit of 37660?
0
What is the thousands digit of 9338?
9
What is the units digit of 307?
7
What is the thousands digit of 22346?
2
What is the tens digit of 24237?
3
What is the tens digit of 31478?
7
What is the hundreds digit of 3889?
8
What is the ten thousands digit of 18758?
1
What is the hundreds digit of 690?
6
What is the tens digit of 18690?
9
What is the units digit of 783?
3
What is the tens di